r when 176740 is divided by 44182.
12
Calculate the remainder when 20774 is divided by 212.
210
What is the remainder when 186213 is divided by 28?
13
What is the remainder when 6393 is divided by 1591?
29
Calculate the remainder when 835 is divided by 217.
184
Calculate the remainder when 3202 is divided by 55.
12
What is the remainder when 31405 is divided by 3140?
5
What is the remainder when 1849 is divided by 1757?
92
What is the remainder when 110429 is divided by 27?
26
What is the remainder when 2712785 is divided by 872?
865
Calculate the remainder when 612 is divided by 192.
36
Calculate the remainder when 812596 is divided by 1382.
1362
Calculate the remainder when 61329 is divided by 26.
21
What is the remainder when 6293 is divided by 525?
518
Calculate the remainder when 13090 is divided by 468.
454
What is the remainder when 19019 is divided by 1901?
9
What is the remainder when 8046 is divided by 898?
862
What is the remainder when 187122 is divided by 378?
12
Calculate the remainder when 3010 is divided by 147.
70
What is the remainder when 11360 is divided by 198?
74
What is the remainder when 12278 is divided by 41?
19
What is the remainder when 105726 is divided by 48?
30
What is the remainder when 97014 is divided by 20?
14
What is the remainder when 97734 is divided by 30?
24
What is the remainder when 1079 is divided by 365?
349
Calculate the remainder when 293552 is divided by 193.
192
What is the remainder when 37236 is divided by 49?
45
What is the remainder when 61112 is divided by 2037?
2
Calculate the remainder when 7028 is divided by 2304.
116
Calculate the remainder when 4305725 is divided by 102.
101
What is the remainder when 13040 is divided by 69?
68
Calculate the remainder when 1600551 is divided by 11.
7
Calculate the remainder when 17276 is divided by 90.
86
Calculate the remainder when 21124 is divided by 268.
220
Calculate the remainder when 138957 is divided by 15439.
6
Calculate the remainder when 53288 is divided by 21.
11
What is the remainder when 8101 is divided by 119?
9
What is the remainder when 4393 is divided by 874?
23
Calculate the remainder when 73407 is divided by 276.
267
What is the remainder when 205181 is divided by 7?
4
What is the remainder when 66893 is divided by 4778?
1
What is the remainder when 123957 is divided by 810?
27
Calculate the remainder when 3066 is divided by 99.
96
What is the remainder when 7300 is divided by 238?
160
What is the remainder when 11018 is divided by 13?
7
What is the remainder when 272057 is divided by 469?
37
What is the remainder when 601 is divided by 418?
183
What is the remainder when 9114 is divided by 32?
26
Calculate the remainder when 47882 is divided by 133.
2
Calculate the remainder when 166089 is divided by 186.
177
What is the remainder when 7097 is divided by 503?
55
What is the remainder when 55042 is divided by 115?
72
Calculate the remainder when 7669 is divided by 691.
68
What is the remainder when 6067 is divided by 2010?
37
What is the remainder when 27765 is divided by 2132?
49
What is the remainder when 850496 is divided by 5?
1
Calculate the remainder when 30899 is divided by 20.
19
Calculate the remainder when 5675 is divided by 243.
86
What is the remainder when 105990 is divided by 23?
6
Calculate the remainder when 2827052 is divided by 539.
536
What is the remainder when 43318 is divided by 8662?
8
Calculate the remainder when 25684 is divided by 55.
54
Calculate the remainder when 12253 is divided by 3060.
13
What is the remainder when 46028 is divided by 15094?
746
What is the remainder when 17448 is divided by 359?
216
What is the remainder when 712493 is divided by 64?
45
What is the remainder when 89604 is divided by 455?
424
Calculate the remainder when 5675 is divided by 5650.
25
Calculate the remainder when 2284 is divided by 1655.
629
What is the remainder when 2652 is divided by 164?
28
Calculate the remainder when 18020 is divided by 5984.
68
Calculate the remainder when 4286 is divided by 159.
152
What is the remainder when 3847 is divided by 1268?
43
Calculate the remainder when 7274 is divided by 520.
514
What is the remainder when 6189 is divided by 257?
21
What is the remainder when 940966 is divided by 9?
7
Calculate the remainder when 499 is divided by 264.
235
Calculate the remainder when 1592 is divided by 187.
96
What is the remainder when 19322 is divided by 1486?
4
What is the remainder when 443519 is divided by 5?
4
Calculate the remainder when 35765 is divided by 252.
233
Calculate the remainder when 41858 is divided by 23.
21
What is the remainder when 11128 is divided by 1112?
8
What is the remainder when 2925013 is divided by 1635?
1633
What is the remainder when 3463 is divided by 57?
43
Calculate the remainder when 175238 is divided by 337.
335
Calculate the remainder when 45207 is divided by 70.
57
What is the remainder when 9559 is divided by 14?
11
Calculate the remainder when 5532 is divided by 1316.
268
What is the remainder when 48150 is divided by 1926?
0
Calculate the remainder when 40464 is divided by 426.
420
Calculate the remainder when 6252 is divided by 4.
0
What is the remainder when 6369 is divided by 2122?
3
Calculate the remainder when 56055 is divided by 182.
181
What is the remainder when 1613 is divided by 12?
5
What is the remainder when 166363 is divided by 76?
75
Calculate the remainder when 3813 is divided by 1241.
90
What is the remainder when 451258 is divided by 180?
178
What is the remainder when 1213126 is divided by 232?
230
What is the remainder when 26511 is divided by 91?
30
What is the remainder when 920 is divided by 185?
180
What is the remainder when 639 is divided by 505?
134
Calculate the remainder when 5502 is divided by 7.
0
Calculate the remainder when 561828 is divided by 70227.
12
Calculate the remainder when 2206 is divided by 638.
292
Calculate the remainder when 4519 is divided by 74.
5
What is the remainder when 138072 is divided by 17256?
24
What is the remainder when 299 is divided by 90?
29
What is the remainder when 33273 is divided by 55?
53
Calculate the remainder when 84199 is divided by 191.
159
Calculate the remainder when 76440 is divided by 19057.
212
What is the remainder when 449976 is divided by 67?
4
What is the remainder when 238963 is divided by 5?
3
Calculate the remainder when 125390 is divided by 1161.
2
What is the remainder when 335256 is divided by 154?
152
Calculate the remainder when 710 is divided by 76.
26
Calculate the remainder when 2318 is divided by 43.
39
What is the remainder when 115169 is divided by 12?
5
What is the remainder when 3855 is divided by 28?
19
Calculate the remainder when 28081 is divided by 53.
44
What is the remainder when 19032 is divided by 975?
507
What is the remainder when 1735683 is divided by 38?
33
What is the remainder when 145613 is divided by 337?
29
Calculate the remainder when 11463 is divided by 209.
177
Calculate the remainder when 23416 is divided by 3864.
232
Calculate the remainder when 62641 is divided by 128.
49
Calculate the remainder when 18311 is divided by 602.
251
Calculate the remainder when 3155395 is divided by 777.
775
Calculate the remainder when 1800 is divided by 162.
18
Calculate the remainder when 250566 is divided by 250556.
10
What is the remainder when 2267 is divided by 66?
23
What is the remainder when 11579 is divided by 43?
12
What is the remainder when 3625 is divided by 264?
193
Calculate the remainder when 4992 is divided by 29.
4
Calculate the remainder when 13137 is divided by 17.
13
What is the remainder when 39507 is divided by 7901?
2
Calculate the remainder when 26582 is divided by 1022.
10
Calculate the remainder when 90609 is divided by 82.
81
What is the remainder when 6046 is divided by 144?
142
What is the remainder when 569 is divided by 423?
146
Calculate the remainder when 72876 is divided by 44.
12
Calculate the remainder when 10133 is divided by 158.
21
What is the remainder when 4844 is divided by 74?
34
What is the remainder when 5769 is divided by 359?
25
What is the remainder when 24487 is divided by 269?
8
Calculate the remainder when 37867 is divided by 4733.
3
What is the remainder when 32477 is divided by 305?
147
Calculate t